derivative of 1/3*r**4 + r**2 + 0*r + 1/20*r**5 + 0 - r**3. Does 18 divide b(-6)?
True
Let u(f) = 5*f**2 - 47*f - 77. Is 15 a factor of u(25)?
False
Let t = 71 - 105. Let x = t - -49. Is 9 a factor of x?
False
Suppose -d = 4*d - 1035. Suppose -2*u + d = -63. Is u a multiple of 15?
True
Let a(s) = -5*s - 4. Let t be a(-3). Let y(w) = 2*w - 11. Is 10 a factor of y(t)?
False
Let q = 1235 + -367. Is q a multiple of 28?
True
Suppose -7*w + 17*w - 640 = 0. Does 9 divide w?
False
Suppose 0 = -36*r + 33*r + 36. Is 257 + (-3)/r + (-22)/8 a multiple of 14?
False
Suppose 2*m + 45 = 5*t, -64 = -4*t + 5*m - 11. Suppose t = -12*u + 13*u. Is u a multiple of 2?
False
Does 10 divide 2*684/(-8)*(-2 - -1)?
False
Suppose 0*j + 96 = 3*j. Suppose 242 = -5*l + j. Let f = 66 + l. Is f a multiple of 8?
True
Let o(l) = l**2 - 9*l - 31. Suppose -19*b = -18*b - 19. Does 11 divide o(b)?
False
Let w be (-63)/14*2/(-3). Let a = w + -3. Suppose 4*t - 204 = -a*c + 2*c, -5*t + 255 = -4*c. Does 17 divide t?
True
Is 128 a factor of (-10 + -134)/((63/(-24))/7)?
True
Let r = 33 + -31. Is 16 a factor of r + 42 - (-16)/4?
True
Suppose 6*r - 315 = 351. Does 37 divide r?
True
Let l(t) = t**3 - 5*t**2 + t - 3. Suppose -9*c + 5*c + 20 = 0. Let q be l(c). Does 13 divide -1*44/(q - 3)?
False
Let j(u) = 8*u**2 + 5*u - 7. Is j(-5) a multiple of 14?
True
Let r(u) = -u**3 - 5*u**2 - 5*u + 2. Let f be r(-4). Let w(g) = 2*g - 10. Let l be w(f). Suppose 3*q - 3 = v, v + l*q - 3*q = 5. Is v a multiple of 3?
True
Let d(f) = -4*f - 7. Let m(j) = 1. Let a(o) = -d(o) + 2*m(o). Suppose 0 = l + 1 - 11. Is 20 a factor of a(l)?
False
Let v = -17 - -20. Suppose 2*u - 5*i = 11, v*u + 0*i = -2*i + 45. Is 9 a factor of u?
False
Suppose 5*n + 2*f - 2 = 4, f = n - 4. Suppose 0 = -j - n*l + 83 + 106, 4*j + 3*l - 736 = 0. Let r = j - 107. Is r a multiple of 11?
False
Let n(d) = d**3 + d + 30. Suppose 0 = -0*y - 7*y + 6*y. Is 10 a factor of n(y)?
True
Suppose 0*o + 5*o - 2*f - 12 = 0, f = -2*o + 3. Let m be (-1)/o*8 - 8. Does 15 divide (-87)/m*(0 - -4)?
False
Let x = 6 + -27. Does 12 divide (-1)/((-7)/670) + (-6)/x?
True
Suppose 0 = -12*u + 32*u - 1940. Is 78 a factor of u?
False
Suppose 6*h = h. Let z be (-1)/(-1) + h - 1. Suppose 4*t - 44 = -2*r, -2*r + 68 = -4*t - z. Is r a multiple of 5?
False
Let a(v) = v**2 - 2*v - 3. Let l be a(4). Suppose -4*q + 0*b + 3*b = -99, -130 = -5*q + l*b. Does 5 divide 12/(q/12 - 1)?
False
Suppose -12 = 3*b - 7*b. Let s(x) = -x**3 + 2*x**2 + x + 6. Let k be s(b). Suppose k = 4*y + 5*n - 28 - 54, -100 = -4*y + 4*n. Is 23 a factor of y?
True
Suppose 6 = 3*y, -q - y = -6*y + 7. Let i be (-78)/9*-3*1. Suppose q*g = 52 + i. Does 6 divide g?
False
Is 84/(-24)*2*-5 a multiple of 4?
False
Let b be 3 - (-213 + 16/(-4)). Suppose 29*d = 28*d + b. Is d a multiple of 41?
False
Let m(u) = -u**3 + 2*u**2 - 8*u - 7. Does 16 divide m(-5)?
True
Let c(j) = -j + 11. Suppose -64 = -4*s - 16. Let z be (2 - (-3)/s)*-4. Is 13 a factor of c(z)?
False
Let z be ((-18)/(-4) - 4)*4. Let i be (12/20)/(z/20). Suppose 0 = -9*n + i*n + 105. Does 8 divide n?
False
Suppose -5*x = 15, 12*v - 1611 = 9*v + 2*x. Does 85 divide v?
False
Suppose 0 = l + 3 - 17. Suppose -2*h - 20 = 2*h. Let n = l + h. Does 3 divide n?
True
Let p(s) = -s**2 - 53*s - 44. Is p(-32) a multiple of 70?
False
Let s(a) = 2*a**3 + 26*a**2 + 3*a - 13. Let z be s(-12). Let k be (-4)/(-6) - 482/3. Let i = z + k. Is 27 a factor of i?
False
Suppose 0 = -2*h + 36. Suppose -4*c - 2*n + 140 = -h, c + 3*n - 32 = 0. Suppose -r = -28 - c. Is r a multiple of 22?
False
Suppose 2*s = -f + 1095, 14*s - 1090 = 12*s + 4*f. Is 24 a factor of s?
False
Let c = 511 - 315. Suppose 2*u = 6*u + c. Let n = u + 105. Does 12 divide n?
False
Let j be (3/(-2))/(30/(-80)). Let m(y) = 7*y + 1. Let s be m(j). Suppose 2*c - 43 = s. Does 18 divide c?
True
Suppose -3*r + 4003 = 4*p - 203, -5*p - 2*r + 5254 = 0. Is 6 a factor of p?
True
Suppose -1431*j + 15696 = -1415*j. Does 5 divide j?
False
Let d(n) = 7*n - 10 - 6*n + 2. Let r be d(10). Suppose r*b + 22 = 160. Does 27 divide b?
False
Let j(v) = 2*v**2 + v + 1. Suppose c + 14 = 2*c. Let g be 2/(3 + c/(-6)). Does 8 divide j(g)?
False
Let m = 3 + -5. Let n(o) be the third derivative of -15*o**4/8 - 2*o**3/3 + 45*o**2 - 2*o. Is 21 a factor of n(m)?
False
Let s(c) = 4*c**3 - 5*c**2 + 5*c - 4. Suppose -2*m - 6*n = -n - 26, -4*n = -16. Does 24 divide s(m)?
False
Let y = 79 - 56. Suppose 3*s = -2*s - 3*f + 65, -y = -3*s - 5*f. Let h = s + -13. Is h even?
False
Let s(u) = -2*u**2 + 69*u + 33. Is s(34) a multiple of 13?
False
Suppose -4*u - 9 = -5. Let s be (1 - 3 - -2)*u. Suppose -2*i + 33 - 3 = s. Does 5 divide i?
True
Let b = 882 - 306. Is 8 a factor of b?
True
Let f(c) = -c + 1. Let a(k) = k**3 - 10*k**2 - 3*k + 16. Let i(d) = a(d) - 2*f(d). Does 4 divide i(10)?
True
Suppose -q = -4*q + 4*c + 236, 161 = 2*q + c. Let p = q + 175. Is p a multiple of 17?
True
Let n(a) = -15*a + 4. Let r(h) = 510*h - 135. Let k(g) = -135*n(g) - 4*r(g). Is k(-6) a multiple of 9?
True
Suppose 2*g + 63 = -g. Let j = g + 33. Suppose -j - 44 = -2*a. Is a a multiple of 17?
False
Let i(s) be the second derivative of -11*s**3/6 + 12*s**2 + 2*s + 21. Does 30 divide i(-6)?
True
Suppose c + 9*c + 450 = 0. Let d = -23 - c. Is 4 a factor of d?
False
Let r(y) be the third derivative of 1/2*y**4 + 0 + 0*y + 2/3*y**3 + y**2. Is r(2) a multiple of 19?
False
Suppose 2*x - 43 = 23. Let b(d) = -2*d**3 + 15*d**2 + 6*d + 18. Let m be b(8). Suppose -m*z = -z - x. Is z a multiple of 11?
True
Is 8 a factor of 34*((-11)/(-2) - (-3)/(-2))?
True
Suppose 1518 = 4*g - 1722. Does 15 divide g?
True
Suppose -6*z + z + 5 = 0, 0 = -3*q + 2*z + 208. Is 11 a factor of q/(-3)*(1 - 1 - 3)?
False
Suppose -3*h = 2*g + 196, -5*g - 10 = -3*g. Let r = 78 + h. Is 3 a factor of r?
False
Suppose -5*v + 3*o + 157 = 0, 3*v + 5*o = 2*v + 37. Suppose -4*l - 4 + v = 0. Is 7 a factor of l?
True
Let y(o) = -44*o - 9. Let i be y(1). Suppose -4*w - 184 = -2*a + w, 5*w = -5*a + 495. Let p = a + i. Is p a multiple of 22?
True
Let y = 55 - -67. Does 9 divide y?
False
Suppose -25*w - 249 = -4799. Is 7 a factor of w?
True
Let a(c) be the third derivative of -c**6/120 - c**5/10 + c**4/24 + 13*c**3/6 - 18*c**2. Is 19 a factor of a(-9)?
True
Let d(c) = -10*c**3 - c**2 - 11*c - 38. Is d(-3) a multiple of 16?
True
Suppose -n - 60*j + 55*j = -225, -5*j - 215 = -n. Is n a multiple of 22?
True
Suppose 6 = 5*j - 7*j. Let s(a) be the first derivative of 2*a**3 + a**2/2 + 5*a - 2. Is s(j) a multiple of 28?
True
Suppose -2*t + 14 = -0*t. Suppose -5*g = -3*m - 325, -t*m + 8*m = 2*g - 130. Does 13 divide g?
True
Suppose 3*x - 3 - 9 = 0. Let g be (x/(-8))/(3/(-36)). Suppose 40 = p + g. Is 17 a factor of p?
True
Let j(o) = o**2 + 7*o - 4. Let f be j(-8). Suppose -5*h + f*v + 54 = 0, -h - 4*v + 0*v + 6 = 0. Let s = h + -3. Is 5 a factor of s?
False
Let c = 180 - 82. Suppose -5*k = 4*i - 92, -c = -3*k - 2*k - i. Is 10 a factor of k?
True
Let w = -24 - -28. Suppose -15 = -n + w. Does 6 divide n?
False
Suppose 0 = -0*u - 2*u + 150. Let q = 103 - u. Does 7 divide q?
True
Let m(d) = -46*d + 97. Does 4 divide m(-2)?
False
Is 33 a factor of 417 + 11 - -9 - 8?
True
Let l(i) = -i**3 - 9*i**2 - 3*i + 10. Is 15 a factor of l(-11)?
True
Let x be (1 - (-1 + 1)) + 4. Does 8 divide 227/x - 4/10?
False
Let z = 325 - 184. Let v = -122 + z. Does 14 divide v?
False
Let r(l) = l**2 - 12*l - 80. Suppose c - 5*n - 84 = -2*c, -3*n - 9 = 0. Does 36 divide r(c)?
False
Let a(t) = t**3 + 3*t**2 - 5*t - 1. Let h be a(-4). Suppose -2*s + 4*m = h*s - 91, -2*m = -s + 17. Suppose -43 = -j - s. Is j a multiple of 8?
True
Suppose -4*b + 8 = -0*b. Suppose b*t + d - 151 = 0, 3*t + 4*d - 6 = 228. Is t a multiple of 40?
False
Suppose -b + 122 = -4*g, -3*g - 34 + 121 = b. Is b a multiple of 72?
False
Let o(s) = -s + 1. Let w be o(-2). Let k(p) = 6*p**2 - 3. Let x be k(w). Suppose 15 = 2*a - x. Does 11 divide a?
True
Let j be (-28)/(4/(-4) + 0). Suppose -7*a - j = -8*a. Is a a multiple of 28?
True
Suppose 5*l + 4*b - 2184 = 0, -3*b = -4*l - 0*b + 1772. Is 8 a factor of l?
True
Suppose -3*x - 2*x = -165. Let q = -49 + x. Is 12 a factor of (-786)/(-16) + 2/q?
False
Let v(p) = -63*p**3 - 3*p**2 - p + 2. Let d be v(-2). Suppose -192 = 4*j - d. Does 19 divide j?
True
Let